+ 68 = 0, -7 + 3 = -4*u. Let q be -20*4*(0 + 2). Let y = x - q. What are the prime factors of y?
223
Let c(l) = 2*l**3 + 15*l**2 - 11*l. Let k be c(-8). What are the prime factors of 902/6 - (2 + 6)/k?
2, 3, 5
What are the prime factors of ((-72)/(-5))/(128/10880)?
2, 3, 17
Let c = -660 - -1034. Let j = c + -51. What are the prime factors of j?
17, 19
Let j = 5357 + -4073. List the prime factors of j.
2, 3, 107
Let b(u) = 2*u**3 - 3*u**2 + 3 + 4*u - u**3 + 6 - 10*u. Let n be b(2). Let a(l) = -25*l + 34. List the prime factors of a(n).
11, 19
Let y(q) = -13*q**3 - 64*q**2 - 23*q - 96. List the prime factors of y(-8).
2, 331
Suppose 1 = -5*p + 11, 5*p = -o + 29. Suppose o = 3*v - 4*z, -2*v + z + 3*z = -14. Suppose 0 = -v*s + 6 + 204. List the prime factors of s.
2, 3, 7
Suppose 70979 = 4*x + 3*g, -4*g + 7262 = 2*x - 28230. List the prime factors of x.
2, 1109
List the prime factors of (-1 - -5)*((-32997)/68)/((-27)/36).
2, 647
Let p(h) be the second derivative of h**4/6 + 2*h**3/3 + 3*h**2 + 5*h. Let t = 61 + -69. What are the prime factors of p(t)?
2, 3, 17
Let g(s) = 4*s**2 - 14*s + 22. Let i be g(14). Let p = i - -1340. Suppose 11*b - b = p. What are the prime factors of b?
3, 5, 13
Suppose -8*d + 17*d = 4212. Suppose -42*c + d = -33*c. What are the prime factors of c?
2, 13
Let q = -11435 - -19951. What are the prime factors of q?
2, 2129
Suppose 4*f - 3*f - 268 = 0. Suppose 5*m - 4*r = f, -5*r - 153 = -3*m - 0*m. What are the prime factors of m?
2, 7
Let z(b) = -b**3 - 15*b**2 + 31*b + 63. Let m be z(-16). List the prime factors of m/(-2)*(-2)/(-1).
3, 59
Let g(b) be the first derivative of 8 - 18*b + 2*b**2 - 43 + 21. List the prime factors of g(8).
2, 7
Let p be (-4)/26 + ((-1896)/(-39))/4. Suppose 6*l = p*l - 7098. What are the prime factors of l?
7, 13
Let k(z) = -2*z**3 - 16*z**2 + 27*z + 9. Let r(v) = 3*v**3 + 17*v**2 - 27*v - 9. Let a(l) = 6*k(l) + 5*r(l). What are the prime factors of a(6)?
3, 47
Let p be 3 - (-4)/(-4)*-2. Let k(a) be the first derivative of 11*a**2/2 - 15*a + 19. What are the prime factors of k(p)?
2, 5
Let r(a) = -20*a**3 - 2*a**2 - 7*a. Let s(p) = 20*p**3 + 4*p**2 + 8*p - 1. Let z(n) = 4*r(n) + 3*s(n). What are the prime factors of z(-2)?
181
Let j = -52 - -55. Suppose 6*v + 2736 = j*o + v, -o + v = -910. What are the prime factors of o?
907
List the prime factors of (-52 - -51)*(2 - 133395/5).
7, 37, 103
Let b(y) = 5*y**2 + 81*y + 19. Let z be b(-16). Suppose -1201 = z*l - 2968. What are the prime factors of l?
19, 31
Let u(s) = 341*s + 10. Let w be u(-1). Let c = -256 - w. List the prime factors of c.
3, 5
Suppose 0 = 4*w - 5*i + 25, -25*i - 5 = 4*w - 26*i. Suppose w = -9*j + 19*j - 5860. What are the prime factors of j?
2, 293
Let c = 96901 - 69003. List the prime factors of c.
2, 13, 29, 37
Let p(v) = v**3 + 8*v**2 + 12*v + 3. Let l be p(-5). Suppose 0 = 3*k + l - 81. List the prime factors of 217*6/k*3.
2, 3, 31
Let i = 1 - 8. Let y be 52*(4/(-28))/(2/i). Let h = 154 - y. List the prime factors of h.
2
Suppose 0 = 2*l + 28 - 30, 0 = w - 5*l - 16976. List the prime factors of w.
16981
Let g = 90 - 177. Let f = 130 + g. List the prime factors of f.
43
Suppose l - 6958 = -2*k, 13*l - 20874 = 10*l - 5*k. List the prime factors of l.
2, 7, 71
Suppose -5*s = -129 - 371. Let g = 57 - s. Let l = g + 88. List the prime factors of l.
3, 5
Suppose 5*s = u + 105, -3*s + s = -5*u - 65. Suppose -2*h + 41 = b - s, 107 = 2*b + h. List the prime factors of b.
3, 17
Let d(u) = 1194*u - 803. What are the prime factors of d(18)?
17, 1217
Suppose -13*q + 6*q = -5376. Let m = q + -360. List the prime factors of m.
2, 3, 17
Let f(g) = -8 - 65*g**3 - 21 - 12*g**2 + 16*g**3 - 14*g + 21*g**3 + 27*g**3. Let j = -18 + 6. List the prime factors of f(j).
139
Let r = -3359 - -21337. What are the prime factors of r?
2, 89, 101
Let v = 930 - 489. Let k = v + 518. What are the prime factors of k?
7, 137
Suppose m + 3*h = 4778, 53*m = 52*m + 4*h + 4813. List the prime factors of m.
4793
Let z(i) = 3*i + 24. Let g be 12/2*(2/(-2))/1. Let n be z(g). Suppose -c = -n*c + 250. What are the prime factors of c?
2, 5
Let q = 18772 - 11139. What are the prime factors of q?
17, 449
Suppose -102*p + 1349200 = 98*p. What are the prime factors of p?
2, 3373
Let n be 6*(-36)/8*245/(-1). Suppose 16*y - n = -11*y. What are the prime factors of y?
5, 7
Let t = -1577 + 2336. Suppose -3*x - d + 583 = 0, 4*x + 5*d - t = -0*x. List the prime factors of x.
2, 7
Let c(z) = -2215*z - 5462. List the prime factors of c(-9).
41, 353
Suppose -382 = -h + 3*o, -h + 5*o = 2*h - 1138. Suppose 2*s = -4*f + 704, f - 5*s = -f + h. What are the prime factors of f?
2, 89
Let d = -169 + 172. Suppose -5*i - 2*w + 324 = w, d = w. List the prime factors of i.
3, 7
Let s(u) be the third derivative of 427*u**6/120 + u**5/60 - u**4/4 + 2*u**3/3 - 5*u**2 + 6*u. List the prime factors of s(1).
2, 3, 71
Let n(t) = -5875*t - 28. List the prime factors of n(-2).
2, 5861
Let r be -1*1 - (-6 + (13 - 10)). List the prime factors of 28 - r - (4 + (-2)/2).
23
Suppose 0 = -2*y + 4*h + 8, -2*h - 12 = 16*y - 21*y. Suppose z + 3*z - 508 = -y*g, 4*g - 1013 = -5*z. List the prime factors of g.
2, 3, 7
Let r be (4 - (6 + 1)) + 10. List the prime factors of 462*((-150)/(-18) - r).
2, 7, 11
Let t(u) = -93*u**3 + 16*u**2 + 6*u + 5. What are the prime factors of t(-4)?
3, 2063
Let p be 15/((-1 - -1) + 1). Let a(l) = l**2 + 17*l - 168. Let o be a(-24). Let c = p - o. What are the prime factors of c?
3, 5
Suppose -5*y + 34637 = -4*l, 22*y = 27*y + 13*l - 34671. List the prime factors of y.
13, 41
Suppose 550 = 88*t - 86*t. Let v = -394 + t. Let o = v - -293. List the prime factors of o.
2, 3, 29
Suppose -z - 2*l + 29 = 0, z - 92 = -3*z - 2*l. Suppose z*a - 7432 + 817 = 0. List the prime factors of a.
3, 5, 7
Suppose 40 = 7*s - 2*s. Let p(c) = -5*c**3 - 9*c**2 + 6*c - 24. Let v(b) = -b**3 - 1. Let h(y) = -p(y) + 6*v(y). What are the prime factors of h(s)?
2, 17
Let k = 658 + -658. Suppose b = -3*x - 21 + 191, 3*x = k. What are the prime factors of b?
2, 5, 17
Let o = -74 - -1200. Suppose o = 3*p - 0*p - 5*s, 5*p = 4*s + 1881. What are the prime factors of p?
13, 29
Let l(r) = 8*r**2 + 7*r + 8. Suppose -2 = -q - 12. Let z(c) = -c - 14. Let h be z(q). List the prime factors of l(h).
2, 3
Let q(b) = -42450*b**3 - 5*b**2 - 107*b - 106. What are the prime factors of q(-1)?
2, 19, 1117
Let w(o) = -740*o**3 + o**2 + 13*o + 27. List the prime factors of w(-4).
47351
Suppose 0 = -4*o - 12, 25*h - 5905 = 24*h - 5*o. List the prime factors of h.
2, 5, 37
Let h(v) = 2558*v - 649. List the prime factors of h(2).
3, 1489
Suppose -12*d = 2*d + 56. Let x be (-1)/(-4) - (-1)/d. Suppose x = 6*n + 149 - 833. List the prime factors of n.
2, 3, 19
Suppose 7*r + z = 5*r + 23721, r - 11868 = z. Suppose 17*s = r + 7007. What are the prime factors of s?
2, 3, 5, 37
Let t(k) = -k**3 + 2*k**2 - k - 48. Let f(h) = h**3 - 3*h + 2. Let i be f(1). Let r be t(i). Let q = r - -226. What are the prime factors of q?
2, 89
Let a be (-5 - (-91)/14)/(1/2). Suppose t - l = 5*t - 4, -3*t + 18 = -a*l. Suppose d = -3*k + 244, d - 224 = -0*d + t*k. List the prime factors of d.
2, 29
Suppose -22 = 3*q + 20. List the prime factors of (-2504)/q - 25/(-175).
179
List the prime factors of (-62667)/422*(-194)/1.
3, 11, 97
Let q = 18885 + -2965. What are the prime factors of q?
2, 5, 199
Suppose -56 - 178 = -6*g. Suppose g*w = 40*w + 7. Let a(s) = 2*s**2 + 5*s + 5. What are the prime factors of a(w)?
2, 17
Let l = 158 - 152. Suppose l*a - 3*a + 4*u = 1037, 4*a + 4*u - 1384 = 0. What are the prime factors of a?
347
Suppose -22*n - 4*k = -371380, -3*n + 5*k + 50625 = 2*k. List the prime factors of n.
2, 5, 211
Suppose -5*s + u = -s - 8, -5*u + 4 = 2*s. List the prime factors of -10*-35*s*1/2.
2, 5, 7
Let g(t) = 51*t**3 - 18*t**2 - 15*t + 104. What are the prime factors of g(9)?
2, 5, 43, 83
Suppose 4*m + 13 = -95*x + 100*x, 0 = 3*x + 5*m - 30. Suppose o = 5*d - 9, d + 4*d = -4*o + 89. Suppose -o*t = -x*t - 385. What are the prime factors of t?
5, 7
Let l(r) = -6*r + 4*r**2 - 15*r**3 - 5*r**2 + 354*r**3 + 6 - 57*r**3. What are the prime factors of l(1)?
281
Let y(h) = -h**3 - 13*h - 12. Suppose 2*z = -2*s - 6, 0 = -3*z - 2*s + 1 - 12. What are the prime fa